{"id":2210,"date":"2024-12-09T14:28:21","date_gmt":"2024-12-09T13:28:21","guid":{"rendered":"https:\/\/www.fitness-treneri.hr\/?post_type=product&#038;p=2210"},"modified":"2025-10-11T20:09:26","modified_gmt":"2025-10-11T19:09:26","slug":"petra-krakan-kresic","status":"publish","type":"product","link":"https:\/\/www.fitness-treneri.hr\/index.php\/product\/petra-krakan-kresic\/","title":{"rendered":"Petra Krakan Kre\u0161i\u0107"},"content":{"rendered":"<p>E-mail: <a href=\"mailto:fisbypetra@gmail.com\">fisbypetra@gmail.com<\/a><\/p>\n<p>Url:\u00a0<a href=\"https:\/\/www.instagram.com\/fitisitbypetra\/profilecard\/?igsh=MWpocDg0cmFwOTI3cw==\" rel=\"noopener noreferrer\">Instagram profil<\/a><\/p>\n<p><a href=\"www.fitisitbypetra.hr\" rel=\"noopener noreferrer\">www.fitisitbypetra.hr<\/a><\/p>\n","protected":false},"excerpt":{"rendered":"<p>Bok, ja sam Petra. Iako sam diplomirala novinarstvo na Fakultetu politi\u010dkih znanosti, 2016. sam odlu\u010dila svoj hobi pretvoriti u posao te sam upisala Fitness u\u010dili\u0161te i stekla certifikat Instruktorice u teretani. Godinama nakon toga sam radila i obrazovala se u Njema\u010dkoj gdje sam stekla certifikate za pilates instruktoricu, rehabilitacijsku trenericu- smjer ortopedija i nutricionisticu, a po povratku u Zagreb odlu\u010dila sam pokrenuti vlastiti posao. Obzirom da sam se obrazovala ne samo kao fitness instruktorica u teretani, ve\u0107 i pilates i rehabilitacijska trenerica, te svoje znanje zaokru\u017eila certifikatom za nutricionisticu, posjedujem \u0161iroko znanje o procesima izgradnje mi\u0161i\u0107ne mase, redukcije tjelesne masti, ali prije svega, o\u010duvanja zdravlja. Dugogodi\u0161nji rad po Fitness centrima u Njema\u010dkoj definitivno mi je pro\u0161irio vidike, a zahvaljuju\u0107i radu s ljudima svake \u017eivotne dobi i zdravstvenog stanja, nau\u010dila sam kako u potpunosti individualizirati svoj pristup. Ta znanja koristim u radu sa svojim klijentima koje u\u010dim kako da pravilnim pristupom treningu i prehrani promjene svoj \u017eivotni stil, postanu najbolja verzija sebe te \u017eive punim plu\u0107ima ne odri\u010du\u0107i se stvari u kojima u\u017eivaju.<\/p>\n<p>Odnedavno na svojoj web stranici www.fitisitbypetra.hr nudim online treninge dostupne u prakti\u010dnoj i jednostavnoj za kori\u0161tenje web aplikaciji. Sve \u0161to ti treba je smartphone i Internet i  mo\u017ee\u0161 trenirati bilo kada i bilo gdje uz profesionalno osmi\u0161ljen plan za maksimalne rezultate, a sve to po vrlo povoljnoj cijeni.<\/p>\n","protected":false},"featured_media":2204,"comment_status":"open","ping_status":"closed","template":"","meta":[],"product_brand":[],"product_cat":[38],"product_tag":[80,79,82,78,81],"class_list":{"0":"post-2210","1":"product","2":"type-product","3":"status-publish","4":"has-post-thumbnail","6":"product_cat-osobni-treneri","7":"product_tag-coach","8":"product_tag-fitness-trener","9":"product_tag-fitness-treneri","10":"product_tag-osobni-trener","11":"product_tag-osobni-treneri","13":"first","14":"onbackorder","15":"shipping-taxable","16":"product-type-simple"},"_links":{"self":[{"href":"https:\/\/www.fitness-treneri.hr\/index.php\/wp-json\/wp\/v2\/product\/2210","targetHints":{"allow":["GET"]}}],"collection":[{"href":"https:\/\/www.fitness-treneri.hr\/index.php\/wp-json\/wp\/v2\/product"}],"about":[{"href":"https:\/\/www.fitness-treneri.hr\/index.php\/wp-json\/wp\/v2\/types\/product"}],"replies":[{"embeddable":true,"href":"https:\/\/www.fitness-treneri.hr\/index.php\/wp-json\/wp\/v2\/comments?post=2210"}],"wp:featuredmedia":[{"embeddable":true,"href":"https:\/\/www.fitness-treneri.hr\/index.php\/wp-json\/wp\/v2\/media\/2204"}],"wp:attachment":[{"href":"https:\/\/www.fitness-treneri.hr\/index.php\/wp-json\/wp\/v2\/media?parent=2210"}],"wp:term":[{"taxonomy":"product_brand","embeddable":true,"href":"https:\/\/www.fitness-treneri.hr\/index.php\/wp-json\/wp\/v2\/product_brand?post=2210"},{"taxonomy":"product_cat","embeddable":true,"href":"https:\/\/www.fitness-treneri.hr\/index.php\/wp-json\/wp\/v2\/product_cat?post=2210"},{"taxonomy":"product_tag","embeddable":true,"href":"https:\/\/www.fitness-treneri.hr\/index.php\/wp-json\/wp\/v2\/product_tag?post=2210"}],"curies":[{"name":"wp","href":"https:\/\/api.w.org\/{rel}","templated":true}]}}