{"id":2320,"date":"2025-01-04T16:16:57","date_gmt":"2025-01-04T15:16:57","guid":{"rendered":"https:\/\/www.fitness-treneri.hr\/?post_type=product&#038;p=2320"},"modified":"2025-01-04T16:16:57","modified_gmt":"2025-01-04T15:16:57","slug":"srdana-skaricic","status":"publish","type":"product","link":"https:\/\/www.fitness-treneri.hr\/index.php\/product\/srdana-skaricic\/","title":{"rendered":"Sr\u0111ana \u0160kari\u010di\u0107"},"content":{"rendered":"<p>E-mail: <a href=\"mailto:srky79@yahoo.com\">srky79@yahoo.com<\/a><\/p>\n<p>Url:\u00a0<a href=\"https:\/\/www.instagram.com\/srdanafitness\/\" rel=\"noopener noreferrer\">Instagram profil<\/a><\/p>\n","protected":false},"excerpt":{"rendered":"<p>Fitness trenerica, vlasnica Health&#038;Fit tvrtke, osniva\u010dica online programa Fit4woman, bankarica, majka, baka i ku\u0107anica. Moja strast za sportom traje od najranijih dana \u2013 od reprezentativke Hrvatske u taekwondou, s brojnim medaljama i broncom s Europskog prvenstva, do fitness trenerice s vi\u0161e od 15 godina iskustva.<br \/>\nKroz fitness svijet pro\u0161lo je preko 1000 klijenata kojima sam pomogla da dosegnu svoje ciljeve, pobolj\u0161aju zdravlje i uvedu aktivnost u svoju svakodnevicu. Moj cilj nije samo fizi\u010dka transformacija, ve\u0107 i stvaranje ljubavi prema kretanju i zdravlju.<br \/>\nSlobodno vrijeme planinarim, tr\u010dim, vozim bicikl, boravim u prirodi \u2013 fitness nije samo moj posao, to je moj stil \u017eivota.<br \/>\nMoj cilj i misija je pomo\u0107i svakom klijentu da zavoli aktivan i zdrav na\u010din \u017eivota, da spozna sve njegove dobrobiti, \u017eivi bez boli i u\u017eiva u funkcionalnom tijelu. \u017delim da moji klijenti imaju snage, energije i volje za sve izazove koje im dan nosi.<br \/>\nDanas najvi\u0161e radim s curama, majkama i \u017eenama u manjim grupama, gdje svakoj klijentici pru\u017eam maksimalnu pa\u017enju i podr\u0161ku na njenom fitness putovanju.<br \/>\nProgrami koje vodim<br \/>\nGround<br \/>\nAnimal move<br \/>\nFunkcionalni trening<br \/>\nHiit<br \/>\nKru\u017eni trening<br \/>\nCardio<\/p>\n","protected":false},"featured_media":2317,"comment_status":"open","ping_status":"closed","template":"","meta":[],"product_brand":[],"product_cat":[38],"product_tag":[80,79,82,78,81],"class_list":{"0":"post-2320","1":"product","2":"type-product","3":"status-publish","4":"has-post-thumbnail","6":"product_cat-osobni-treneri","7":"product_tag-coach","8":"product_tag-fitness-trener","9":"product_tag-fitness-treneri","10":"product_tag-osobni-trener","11":"product_tag-osobni-treneri","13":"first","14":"instock","15":"shipping-taxable","16":"product-type-simple"},"_links":{"self":[{"href":"https:\/\/www.fitness-treneri.hr\/index.php\/wp-json\/wp\/v2\/product\/2320","targetHints":{"allow":["GET"]}}],"collection":[{"href":"https:\/\/www.fitness-treneri.hr\/index.php\/wp-json\/wp\/v2\/product"}],"about":[{"href":"https:\/\/www.fitness-treneri.hr\/index.php\/wp-json\/wp\/v2\/types\/product"}],"replies":[{"embeddable":true,"href":"https:\/\/www.fitness-treneri.hr\/index.php\/wp-json\/wp\/v2\/comments?post=2320"}],"wp:featuredmedia":[{"embeddable":true,"href":"https:\/\/www.fitness-treneri.hr\/index.php\/wp-json\/wp\/v2\/media\/2317"}],"wp:attachment":[{"href":"https:\/\/www.fitness-treneri.hr\/index.php\/wp-json\/wp\/v2\/media?parent=2320"}],"wp:term":[{"taxonomy":"product_brand","embeddable":true,"href":"https:\/\/www.fitness-treneri.hr\/index.php\/wp-json\/wp\/v2\/product_brand?post=2320"},{"taxonomy":"product_cat","embeddable":true,"href":"https:\/\/www.fitness-treneri.hr\/index.php\/wp-json\/wp\/v2\/product_cat?post=2320"},{"taxonomy":"product_tag","embeddable":true,"href":"https:\/\/www.fitness-treneri.hr\/index.php\/wp-json\/wp\/v2\/product_tag?post=2320"}],"curies":[{"name":"wp","href":"https:\/\/api.w.org\/{rel}","templated":true}]}}